{"id":38,"date":"2026-02-18T14:16:27","date_gmt":"2026-02-18T14:16:27","guid":{"rendered":"http:\/\/amisdejaillans.fr\/?page_id=38"},"modified":"2026-03-19T16:21:54","modified_gmt":"2026-03-19T16:21:54","slug":"actualites","status":"publish","type":"page","link":"https:\/\/amisdejaillans.fr\/index.php\/actualites\/","title":{"rendered":"Actualit\u00e9s"},"content":{"rendered":"\n<p><\/p>\n\n\n\n<div class=\"wp-block-query alignwide is-layout-flow wp-block-query-is-layout-flow\"><ul class=\"wp-block-post-template is-layout-flow wp-block-post-template-is-layout-flow\"><li class=\"wp-block-post post-417 post type-post status-publish format-standard has-post-thumbnail hentry category-uncategorized\">\n\n<div class=\"wp-block-columns alignwide is-layout-flex wp-container-core-columns-is-layout-28f84493 wp-block-columns-is-layout-flex\">\n<div class=\"wp-block-column is-vertically-aligned-top is-layout-flow wp-block-column-is-layout-flow\" style=\"flex-basis:66.66%\"><figure style=\"width:800px;height:600px; padding-right:0;padding-left:0;margin-right:0;margin-left:0;\" class=\"wp-block-post-featured-image\"><a href=\"https:\/\/amisdejaillans.fr\/index.php\/2026\/04\/21\/randonnee-du-tram-decouverte-du-patrimoine\/\" target=\"_self\"  style=\"height:600px\"><img loading=\"lazy\" decoding=\"async\" width=\"573\" height=\"352\" src=\"https:\/\/amisdejaillans.fr\/wp-content\/uploads\/2026\/04\/5002_1678780718_1881896396-e1776755350433.jpg\" class=\"attachment-post-thumbnail size-post-thumbnail wp-post-image\" alt=\"Randonn\u00e9e du Tram : d\u00e9couverte du patrimoine\" style=\"height:600px;object-fit:cover;\" srcset=\"https:\/\/amisdejaillans.fr\/wp-content\/uploads\/2026\/04\/5002_1678780718_1881896396-e1776755350433.jpg 573w, https:\/\/amisdejaillans.fr\/wp-content\/uploads\/2026\/04\/5002_1678780718_1881896396-e1776755350433-300x184.jpg 300w\" sizes=\"auto, (max-width: 573px) 100vw, 573px\" \/><\/a><\/figure><\/div>\n\n\n\n<div class=\"wp-block-column is-layout-flow wp-block-column-is-layout-flow\" style=\"flex-basis:33.33%\"><h2 class=\"wp-block-post-title\"><a href=\"https:\/\/amisdejaillans.fr\/index.php\/2026\/04\/21\/randonnee-du-tram-decouverte-du-patrimoine\/\" target=\"_self\" >Randonn\u00e9e du Tram : d\u00e9couverte du patrimoine<\/a><\/h2>\n\n<div class=\"wp-block-post-date\"><time datetime=\"2026-03-09T15:43:27.385Z\">March 9, 2026<\/time><\/div>\n\n<div style=\"padding-right:0;padding-left:0;\" class=\"wp-block-post-excerpt has-medium-font-size\"><p class=\"wp-block-post-excerpt__excerpt\">21\/04\/2026 \ud83d\udcc5 Samedi 25 avril \u00e0 8h Randonn\u00e9e p\u00e9destre familiale d\u2019environ 2h30.Niveau : moyen \u2013 5 km \u2013 80 m de d\u00e9nivel\u00e9 Parcours ouvert et entretenu par des b\u00e9n\u00e9voles de Beauregard-Baret et de Jaillans, mettant en valeur les tr\u00e9sors naturels et patrimoniaux le long de la Serne et du canal de la Bourne. Au programme&hellip; <\/p><\/div><\/div>\n<\/div>\n\n<\/li><li class=\"wp-block-post post-92 post type-post status-publish format-standard has-post-thumbnail hentry category-uncategorized\">\n\n<div class=\"wp-block-columns alignwide is-layout-flex wp-container-core-columns-is-layout-28f84493 wp-block-columns-is-layout-flex\">\n<div class=\"wp-block-column is-vertically-aligned-top is-layout-flow wp-block-column-is-layout-flow\" style=\"flex-basis:66.66%\"><figure style=\"width:800px;height:600px; padding-right:0;padding-left:0;margin-right:0;margin-left:0;\" class=\"wp-block-post-featured-image\"><a href=\"https:\/\/amisdejaillans.fr\/index.php\/2026\/03\/09\/medievales\/\" target=\"_self\"  style=\"height:600px\"><img loading=\"lazy\" decoding=\"async\" width=\"2560\" height=\"1704\" src=\"https:\/\/amisdejaillans.fr\/wp-content\/uploads\/2026\/02\/MedievalJaillans-268-2-scaled.jpg\" class=\"attachment-post-thumbnail size-post-thumbnail wp-post-image\" alt=\"R\u00e9union publique d&#8217;information sur les M\u00e9di\u00e9vales 2026\" style=\"height:600px;object-fit:cover;\" srcset=\"https:\/\/amisdejaillans.fr\/wp-content\/uploads\/2026\/02\/MedievalJaillans-268-2-scaled.jpg 2560w, https:\/\/amisdejaillans.fr\/wp-content\/uploads\/2026\/02\/MedievalJaillans-268-2-300x200.jpg 300w, https:\/\/amisdejaillans.fr\/wp-content\/uploads\/2026\/02\/MedievalJaillans-268-2-1024x681.jpg 1024w, https:\/\/amisdejaillans.fr\/wp-content\/uploads\/2026\/02\/MedievalJaillans-268-2-768x511.jpg 768w, https:\/\/amisdejaillans.fr\/wp-content\/uploads\/2026\/02\/MedievalJaillans-268-2-1536x1022.jpg 1536w, https:\/\/amisdejaillans.fr\/wp-content\/uploads\/2026\/02\/MedievalJaillans-268-2-2048x1363.jpg 2048w\" sizes=\"auto, (max-width: 2560px) 100vw, 2560px\" \/><\/a><\/figure><\/div>\n\n\n\n<div class=\"wp-block-column is-layout-flow wp-block-column-is-layout-flow\" style=\"flex-basis:33.33%\"><h2 class=\"wp-block-post-title\"><a href=\"https:\/\/amisdejaillans.fr\/index.php\/2026\/03\/09\/medievales\/\" target=\"_self\" >R\u00e9union publique d&#8217;information sur les M\u00e9di\u00e9vales 2026<\/a><\/h2>\n\n<div class=\"wp-block-post-date\"><time datetime=\"2026-03-09T15:43:27.385Z\">March 9, 2026<\/time><\/div>\n\n<div style=\"padding-right:0;padding-left:0;\" class=\"wp-block-post-excerpt has-medium-font-size\"><p class=\"wp-block-post-excerpt__excerpt\">09\/03\/2026 \ud83d\udcc5 Mardi 7 avril \u00e0 19h R\u00e9union d\u2019information \u2013 Les M\u00e9di\u00e9vales de Jaillans\ud83d\udccd Salle du Patronage \u2013 Ouverte \u00e0 toutes et \u00e0 tous Fort du succ\u00e8s des M\u00e9di\u00e9vales 2025, nous pr\u00e9parons d\u00e9j\u00e0 l\u2019\u00e9dition 2026 ! Au programme de cette r\u00e9union publique :\u2022 Pr\u00e9sentation du programme pr\u00e9visionnel\u2022 Pr\u00e9sentation du comit\u00e9 d\u2019organisation\u2022 Recueil d\u2019id\u00e9es et de&hellip; <\/p><\/div><\/div>\n<\/div>\n\n<\/li><li class=\"wp-block-post post-1 post type-post status-publish format-standard has-post-thumbnail hentry category-uncategorized\">\n\n<div class=\"wp-block-columns alignwide is-layout-flex wp-container-core-columns-is-layout-28f84493 wp-block-columns-is-layout-flex\">\n<div class=\"wp-block-column is-vertically-aligned-top is-layout-flow wp-block-column-is-layout-flow\" style=\"flex-basis:66.66%\"><figure style=\"width:800px;height:600px; padding-right:0;padding-left:0;margin-right:0;margin-left:0;\" class=\"wp-block-post-featured-image\"><a href=\"https:\/\/amisdejaillans.fr\/index.php\/2026\/02\/18\/hello-world\/\" target=\"_self\"  style=\"height:600px\"><img loading=\"lazy\" decoding=\"async\" width=\"1625\" height=\"1641\" src=\"https:\/\/amisdejaillans.fr\/wp-content\/uploads\/2026\/02\/468428949_876804291325667_4399882257491374562_n.jpg\" class=\"attachment-post-thumbnail size-post-thumbnail wp-post-image\" alt=\"Bienvenue sur le nouveau site des Amis de Jaillans !\" style=\"height:600px;object-fit:cover;\" srcset=\"https:\/\/amisdejaillans.fr\/wp-content\/uploads\/2026\/02\/468428949_876804291325667_4399882257491374562_n.jpg 1625w, https:\/\/amisdejaillans.fr\/wp-content\/uploads\/2026\/02\/468428949_876804291325667_4399882257491374562_n-297x300.jpg 297w, https:\/\/amisdejaillans.fr\/wp-content\/uploads\/2026\/02\/468428949_876804291325667_4399882257491374562_n-1014x1024.jpg 1014w, https:\/\/amisdejaillans.fr\/wp-content\/uploads\/2026\/02\/468428949_876804291325667_4399882257491374562_n-150x150.jpg 150w, https:\/\/amisdejaillans.fr\/wp-content\/uploads\/2026\/02\/468428949_876804291325667_4399882257491374562_n-768x776.jpg 768w, https:\/\/amisdejaillans.fr\/wp-content\/uploads\/2026\/02\/468428949_876804291325667_4399882257491374562_n-1521x1536.jpg 1521w\" sizes=\"auto, (max-width: 1625px) 100vw, 1625px\" \/><\/a><\/figure><\/div>\n\n\n\n<div class=\"wp-block-column is-layout-flow wp-block-column-is-layout-flow\" style=\"flex-basis:33.33%\"><h2 class=\"wp-block-post-title\"><a href=\"https:\/\/amisdejaillans.fr\/index.php\/2026\/02\/18\/hello-world\/\" target=\"_self\" >Bienvenue sur le nouveau site des Amis de Jaillans !<\/a><\/h2>\n\n<div class=\"wp-block-post-date\"><time datetime=\"2026-03-09T15:43:27.385Z\">March 9, 2026<\/time><\/div>\n\n<div style=\"padding-right:0;padding-left:0;\" class=\"wp-block-post-excerpt has-medium-font-size\"><p class=\"wp-block-post-excerpt__excerpt\">L\u2019association des Amis de Jaillans est heureuse de vous annoncer le lancement de son nouveau site internet. Pens\u00e9 comme un v\u00e9ritable espace d\u2019information et de partage, ce site a pour vocation de mieux faire conna\u00eetre nos actions, nos projets et les richesses du patrimoine local. Vous y retrouverez toute l\u2019actualit\u00e9 de l\u2019association, les \u00e9v\u00e9nements \u00e0&hellip; <\/p><\/div><\/div>\n<\/div>\n\n<\/li><\/ul><\/div>\n\n\n\n<div class=\"wp-block-query alignwide is-layout-flow wp-block-query-is-layout-flow\">\n<div class=\"wp-block-group is-layout-flow wp-block-group-is-layout-flow\"><\/div>\n<\/div>\n\n\n\n<p><\/p>\n","protected":false},"excerpt":{"rendered":"","protected":false},"author":1,"featured_media":0,"parent":0,"menu_order":0,"comment_status":"closed","ping_status":"closed","template":"","meta":{"footnotes":""},"class_list":["post-38","page","type-page","status-publish","hentry"],"_links":{"self":[{"href":"https:\/\/amisdejaillans.fr\/index.php\/wp-json\/wp\/v2\/pages\/38","targetHints":{"allow":["GET"]}}],"collection":[{"href":"https:\/\/amisdejaillans.fr\/index.php\/wp-json\/wp\/v2\/pages"}],"about":[{"href":"https:\/\/amisdejaillans.fr\/index.php\/wp-json\/wp\/v2\/types\/page"}],"author":[{"embeddable":true,"href":"https:\/\/amisdejaillans.fr\/index.php\/wp-json\/wp\/v2\/users\/1"}],"replies":[{"embeddable":true,"href":"https:\/\/amisdejaillans.fr\/index.php\/wp-json\/wp\/v2\/comments?post=38"}],"version-history":[{"count":14,"href":"https:\/\/amisdejaillans.fr\/index.php\/wp-json\/wp\/v2\/pages\/38\/revisions"}],"predecessor-version":[{"id":364,"href":"https:\/\/amisdejaillans.fr\/index.php\/wp-json\/wp\/v2\/pages\/38\/revisions\/364"}],"wp:attachment":[{"href":"https:\/\/amisdejaillans.fr\/index.php\/wp-json\/wp\/v2\/media?parent=38"}],"curies":[{"name":"wp","href":"https:\/\/api.w.org\/{rel}","templated":true}]}}

Actualités

<p></p>



<div class="wp-block-query alignwide is-layout-flow wp-block-query-is-layout-flow"><ul class="wp-block-post-template is-layout-flow wp-block-post-template-is-layout-flow"><li class="wp-block-post post-417 post type-post status-publish format-standard has-post-thumbnail hentry category-uncategorized">

<div class="wp-block-columns alignwide is-layout-flex wp-container-core-columns-is-layout-28f84493 wp-block-columns-is-layout-flex">
<div class="wp-block-column is-vertically-aligned-top is-layout-flow wp-block-column-is-layout-flow" style="flex-basis:66.66%"><figure style="width:800px;height:600px; padding-right:0;padding-left:0;margin-right:0;margin-left:0;" class="wp-block-post-featured-image"><a href="https://amisdejaillans.fr/index.php/2026/04/21/randonnee-du-tram-decouverte-du-patrimoine/" target="_self"  style="height:600px"><img loading="lazy" decoding="async" width="573" height="352" src="https://amisdejaillans.fr/wp-content/uploads/2026/04/5002_1678780718_1881896396-e1776755350433.jpg" class="attachment-post-thumbnail size-post-thumbnail wp-post-image" alt="Randonnée du Tram : découverte du patrimoine" style="height:600px;object-fit:cover;" srcset="https://amisdejaillans.fr/wp-content/uploads/2026/04/5002_1678780718_1881896396-e1776755350433.jpg 573w, https://amisdejaillans.fr/wp-content/uploads/2026/04/5002_1678780718_1881896396-e1776755350433-300x184.jpg 300w" sizes="auto, (max-width: 573px) 100vw, 573px" /></a></figure></div>



<div class="wp-block-column is-layout-flow wp-block-column-is-layout-flow" style="flex-basis:33.33%"><h2 class="wp-block-post-title"><a href="https://amisdejaillans.fr/index.php/2026/04/21/randonnee-du-tram-decouverte-du-patrimoine/" target="_self" >Randonnée du Tram : découverte du patrimoine</a></h2>

<div class="wp-block-post-date"><time datetime="2026-03-09T15:43:27.385Z">March 9, 2026</time></div>

<div style="padding-right:0;padding-left:0;" class="wp-block-post-excerpt has-medium-font-size"><p class="wp-block-post-excerpt__excerpt">21/04/2026 📅 Samedi 25 avril à 8h Randonnée pédestre familiale d’environ 2h30.Niveau : moyen – 5 km – 80 m de dénivelé Parcours ouvert et entretenu par des bénévoles de Beauregard-Baret et de Jaillans, mettant en valeur les trésors naturels et patrimoniaux le long de la Serne et du canal de la Bourne. Au programme&hellip; </p></div></div>
</div>

</li><li class="wp-block-post post-92 post type-post status-publish format-standard has-post-thumbnail hentry category-uncategorized">

<div class="wp-block-columns alignwide is-layout-flex wp-container-core-columns-is-layout-28f84493 wp-block-columns-is-layout-flex">
<div class="wp-block-column is-vertically-aligned-top is-layout-flow wp-block-column-is-layout-flow" style="flex-basis:66.66%"><figure style="width:800px;height:600px; padding-right:0;padding-left:0;margin-right:0;margin-left:0;" class="wp-block-post-featured-image"><a href="https://amisdejaillans.fr/index.php/2026/03/09/medievales/" target="_self"  style="height:600px"><img loading="lazy" decoding="async" width="2560" height="1704" src="https://amisdejaillans.fr/wp-content/uploads/2026/02/MedievalJaillans-268-2-scaled.jpg" class="attachment-post-thumbnail size-post-thumbnail wp-post-image" alt="Réunion publique d&#8217;information sur les Médiévales 2026" style="height:600px;object-fit:cover;" srcset="https://amisdejaillans.fr/wp-content/uploads/2026/02/MedievalJaillans-268-2-scaled.jpg 2560w, https://amisdejaillans.fr/wp-content/uploads/2026/02/MedievalJaillans-268-2-300x200.jpg 300w, https://amisdejaillans.fr/wp-content/uploads/2026/02/MedievalJaillans-268-2-1024x681.jpg 1024w, https://amisdejaillans.fr/wp-content/uploads/2026/02/MedievalJaillans-268-2-768x511.jpg 768w, https://amisdejaillans.fr/wp-content/uploads/2026/02/MedievalJaillans-268-2-1536x1022.jpg 1536w, https://amisdejaillans.fr/wp-content/uploads/2026/02/MedievalJaillans-268-2-2048x1363.jpg 2048w" sizes="auto, (max-width: 2560px) 100vw, 2560px" /></a></figure></div>



<div class="wp-block-column is-layout-flow wp-block-column-is-layout-flow" style="flex-basis:33.33%"><h2 class="wp-block-post-title"><a href="https://amisdejaillans.fr/index.php/2026/03/09/medievales/" target="_self" >Réunion publique d&#8217;information sur les Médiévales 2026</a></h2>

<div class="wp-block-post-date"><time datetime="2026-03-09T15:43:27.385Z">March 9, 2026</time></div>

<div style="padding-right:0;padding-left:0;" class="wp-block-post-excerpt has-medium-font-size"><p class="wp-block-post-excerpt__excerpt">09/03/2026 📅 Mardi 7 avril à 19h Réunion d’information – Les Médiévales de Jaillans📍 Salle du Patronage – Ouverte à toutes et à tous Fort du succès des Médiévales 2025, nous préparons déjà l’édition 2026 ! Au programme de cette réunion publique :• Présentation du programme prévisionnel• Présentation du comité d’organisation• Recueil d’idées et de&hellip; </p></div></div>
</div>

</li><li class="wp-block-post post-1 post type-post status-publish format-standard has-post-thumbnail hentry category-uncategorized">

<div class="wp-block-columns alignwide is-layout-flex wp-container-core-columns-is-layout-28f84493 wp-block-columns-is-layout-flex">
<div class="wp-block-column is-vertically-aligned-top is-layout-flow wp-block-column-is-layout-flow" style="flex-basis:66.66%"><figure style="width:800px;height:600px; padding-right:0;padding-left:0;margin-right:0;margin-left:0;" class="wp-block-post-featured-image"><a href="https://amisdejaillans.fr/index.php/2026/02/18/hello-world/" target="_self"  style="height:600px"><img loading="lazy" decoding="async" width="1625" height="1641" src="https://amisdejaillans.fr/wp-content/uploads/2026/02/468428949_876804291325667_4399882257491374562_n.jpg" class="attachment-post-thumbnail size-post-thumbnail wp-post-image" alt="Bienvenue sur le nouveau site des Amis de Jaillans !" style="height:600px;object-fit:cover;" srcset="https://amisdejaillans.fr/wp-content/uploads/2026/02/468428949_876804291325667_4399882257491374562_n.jpg 1625w, https://amisdejaillans.fr/wp-content/uploads/2026/02/468428949_876804291325667_4399882257491374562_n-297x300.jpg 297w, https://amisdejaillans.fr/wp-content/uploads/2026/02/468428949_876804291325667_4399882257491374562_n-1014x1024.jpg 1014w, https://amisdejaillans.fr/wp-content/uploads/2026/02/468428949_876804291325667_4399882257491374562_n-150x150.jpg 150w, https://amisdejaillans.fr/wp-content/uploads/2026/02/468428949_876804291325667_4399882257491374562_n-768x776.jpg 768w, https://amisdejaillans.fr/wp-content/uploads/2026/02/468428949_876804291325667_4399882257491374562_n-1521x1536.jpg 1521w" sizes="auto, (max-width: 1625px) 100vw, 1625px" /></a></figure></div>



<div class="wp-block-column is-layout-flow wp-block-column-is-layout-flow" style="flex-basis:33.33%"><h2 class="wp-block-post-title"><a href="https://amisdejaillans.fr/index.php/2026/02/18/hello-world/" target="_self" >Bienvenue sur le nouveau site des Amis de Jaillans !</a></h2>

<div class="wp-block-post-date"><time datetime="2026-03-09T15:43:27.385Z">March 9, 2026</time></div>

<div style="padding-right:0;padding-left:0;" class="wp-block-post-excerpt has-medium-font-size"><p class="wp-block-post-excerpt__excerpt">L’association des Amis de Jaillans est heureuse de vous annoncer le lancement de son nouveau site internet. Pensé comme un véritable espace d’information et de partage, ce site a pour vocation de mieux faire connaître nos actions, nos projets et les richesses du patrimoine local. Vous y retrouverez toute l’actualité de l’association, les événements à&hellip; </p></div></div>
</div>

</li></ul></div>



<div class="wp-block-query alignwide is-layout-flow wp-block-query-is-layout-flow">
<div class="wp-block-group is-layout-flow wp-block-group-is-layout-flow"></div>
</div>



<p></p>
