{"id":103,"date":"2026-03-09T15:18:09","date_gmt":"2026-03-09T15:18:09","guid":{"rendered":"https:\/\/amisdejaillans.fr\/?page_id=103"},"modified":"2026-03-19T16:38:54","modified_gmt":"2026-03-19T16:38:54","slug":"a-propos","status":"publish","type":"page","link":"https:\/\/amisdejaillans.fr\/index.php\/a-propos\/","title":{"rendered":"\u00c0 propos"},"content":{"rendered":"\n<div class=\"wp-block-group alignfull is-layout-flow wp-block-group-is-layout-flow\">\n<div class=\"wp-block-group alignfull has-global-padding is-layout-constrained wp-container-core-group-is-layout-7dc229c6 wp-block-group-is-layout-constrained\" style=\"padding-top:var(--wp--preset--spacing--superbspacing-xxlarge);padding-right:var(--wp--preset--spacing--superbspacing-small);padding-bottom:var(--wp--preset--spacing--superbspacing-xxlarge);padding-left:var(--wp--preset--spacing--superbspacing-small)\">\n<div class=\"wp-block-columns alignwide is-layout-flex wp-container-core-columns-is-layout-a001aa69 wp-block-columns-is-layout-flex\" style=\"margin-top:0;margin-bottom:0\">\n<div class=\"wp-block-column is-vertically-aligned-center is-layout-flow wp-container-core-column-is-layout-db2cb278 wp-block-column-is-layout-flow\">\n<h2 class=\"wp-block-heading has-text-align-left has-superbfont-large-font-size\">Pr\u00e9server le patrimoine et cr\u00e9er du lien<\/h2>\n\n\n\n<p class=\"has-medium-font-size\"><strong>Cr\u00e9\u00e9e en 1988<\/strong>, Les Amis de Jaillans est une association loi 1901 reconnue d\u2019int\u00e9r\u00eat g\u00e9n\u00e9ral. Aux c\u00f4t\u00e9s de la mairie, des habitant\u00b7es et des acteurs locaux, elle \u0153uvre p<strong>our pr\u00e9server et valoriser le patrimoine culturel du village.<\/strong> L\u2019association favorise aussi <strong>le lien social <\/strong>en organisant des <strong>\u00e9v\u00e9nements culturels et solidaires ouverts \u00e0 tous.<\/strong><\/p>\n\n\n\n<p class=\"has-medium-font-size\">En compl\u00e9ment de ses \u00e9v\u00e9nements culturels et solidaires, <strong>notre association contribue \u00e0 la valorisation et \u00e0 la d\u00e9couverte du patrimoine local par la publication de documents et d\u2019ouvrages<\/strong>, notamment : <br>-\u00ab L\u2019\u00e9glise Sainte-Marie : huit si\u00e8cles de vie monastique et paroissiale \u00bb de Bernard Oquidam ;<br>&#8211; &#8220;L\u00e9gende de la Jaille&#8221;, d\u2019apr\u00e8s un manuscrit de l\u2019abb\u00e9 J. Chabert ;<br>&#8211; &#8220;Contes et l\u00e9gendes des Monts du Matin&#8221; d\u2019\u00c9tienne Terpant, \u00e9ditions Gl\u00e9nat ;<br>&#8211; un flyer de pr\u00e9sentation de l\u2019\u00e9glise ;<br>&#8211; des cartes postales du village et de ses principaux monuments patrimoniaux.<\/p>\n\n\n\n<p class=\"has-medium-font-size\">Notre association fonctionne gr\u00e2ce \u00e0 deux \u00e9quipes compl\u00e9mentaires : le <strong>Bureau<\/strong>, qui veille \u00e0 ce que les d\u00e9cisions prises ensemble soient concr\u00e8tement mises en \u0153uvre, et le <strong>Conseil d\u2019Administration<\/strong>, qui r\u00e9fl\u00e9chit aux grandes orientations et imagine l\u2019avenir de notre projet commun.<\/p>\n\n\n\n<p class=\"has-medium-font-size\">Bureau 2026 : <\/p>\n\n\n\n<p class=\"has-medium-font-size\">Co-pr\u00e9sidents : Ga\u00eblle DUPR\u00c9 &#8211; Serge GUIGNARD<br>Secr\u00e9taire : Philippe ACTON<br>Secr\u00e9taire-adjointe : V\u00e9ronique GRANGE<br>Tr\u00e9sorier : Marielle PARTISOTTI<br>Tr\u00e9sorier-adjoint : Myriam PEYSSON<\/p>\n\n\n\n<p class=\"has-medium-font-size\">Conseil d&#8217;Administration 2026 : <\/p>\n\n\n\n<p class=\"has-medium-font-size\">Philippe ACTON, Patrick DELAUNAY, Lucienne DIDIER, Ga\u00eblle DUPR\u00c9, V\u00e9ronique GRANGE, Serge GUIGNARD, G\u00e9raldine OQUIDAM, Marielle PARTISOTTI, Gilles PEYSSON, Myriam PEYSSON, Martial VAILLAUT<\/p>\n\n\n\n<p class=\"has-medium-font-size\"><\/p>\n<\/div>\n\n\n\n<div class=\"wp-block-column is-vertically-aligned-center is-layout-flow wp-container-core-column-is-layout-40a2a7e8 wp-block-column-is-layout-flow\" style=\"padding-right:0;padding-bottom:0;padding-left:0\">\n<figure class=\"wp-block-image size-large has-custom-border\"><img loading=\"lazy\" decoding=\"async\" width=\"1014\" height=\"1024\" src=\"http:\/\/amisdejaillans.fr\/wp-content\/uploads\/2026\/02\/468428949_876804291325667_4399882257491374562_n-1014x1024.jpg\" alt=\"\" class=\"wp-image-21\" style=\"border-radius:20px\" srcset=\"https:\/\/amisdejaillans.fr\/wp-content\/uploads\/2026\/02\/468428949_876804291325667_4399882257491374562_n-1014x1024.jpg 1014w, https:\/\/amisdejaillans.fr\/wp-content\/uploads\/2026\/02\/468428949_876804291325667_4399882257491374562_n-297x300.jpg 297w, https:\/\/amisdejaillans.fr\/wp-content\/uploads\/2026\/02\/468428949_876804291325667_4399882257491374562_n-150x150.jpg 150w, https:\/\/amisdejaillans.fr\/wp-content\/uploads\/2026\/02\/468428949_876804291325667_4399882257491374562_n-768x776.jpg 768w, https:\/\/amisdejaillans.fr\/wp-content\/uploads\/2026\/02\/468428949_876804291325667_4399882257491374562_n-1521x1536.jpg 1521w, https:\/\/amisdejaillans.fr\/wp-content\/uploads\/2026\/02\/468428949_876804291325667_4399882257491374562_n.jpg 1625w\" sizes=\"auto, (max-width: 1014px) 100vw, 1014px\" \/><\/figure>\n<\/div>\n<\/div>\n<\/div>\n<\/div>\n","protected":false},"excerpt":{"rendered":"<p>Pr\u00e9server le patrimoine et cr\u00e9er du lien Cr\u00e9\u00e9e en 1988, Les Amis de Jaillans est une association loi 1901 reconnue d\u2019int\u00e9r\u00eat g\u00e9n\u00e9ral. Aux c\u00f4t\u00e9s de la mairie, des habitant\u00b7es et des acteurs locaux, elle \u0153uvre pour pr\u00e9server et valoriser le patrimoine culturel du village. L\u2019association favorise aussi le lien social en organisant des \u00e9v\u00e9nements culturels [&hellip;]<\/p>\n","protected":false},"author":1,"featured_media":0,"parent":0,"menu_order":0,"comment_status":"closed","ping_status":"closed","template":"","meta":{"footnotes":""},"class_list":["post-103","page","type-page","status-publish","hentry"],"_links":{"self":[{"href":"https:\/\/amisdejaillans.fr\/index.php\/wp-json\/wp\/v2\/pages\/103","targetHints":{"allow":["GET"]}}],"collection":[{"href":"https:\/\/amisdejaillans.fr\/index.php\/wp-json\/wp\/v2\/pages"}],"about":[{"href":"https:\/\/amisdejaillans.fr\/index.php\/wp-json\/wp\/v2\/types\/page"}],"author":[{"embeddable":true,"href":"https:\/\/amisdejaillans.fr\/index.php\/wp-json\/wp\/v2\/users\/1"}],"replies":[{"embeddable":true,"href":"https:\/\/amisdejaillans.fr\/index.php\/wp-json\/wp\/v2\/comments?post=103"}],"version-history":[{"count":12,"href":"https:\/\/amisdejaillans.fr\/index.php\/wp-json\/wp\/v2\/pages\/103\/revisions"}],"predecessor-version":[{"id":372,"href":"https:\/\/amisdejaillans.fr\/index.php\/wp-json\/wp\/v2\/pages\/103\/revisions\/372"}],"wp:attachment":[{"href":"https:\/\/amisdejaillans.fr\/index.php\/wp-json\/wp\/v2\/media?parent=103"}],"curies":[{"name":"wp","href":"https:\/\/api.w.org\/{rel}","templated":true}]}}

À propos

<div class="wp-block-group alignfull is-layout-flow wp-block-group-is-layout-flow">
<div class="wp-block-group alignfull has-global-padding is-layout-constrained wp-container-core-group-is-layout-7dc229c6 wp-block-group-is-layout-constrained" style="padding-top:var(--wp--preset--spacing--superbspacing-xxlarge);padding-right:var(--wp--preset--spacing--superbspacing-small);padding-bottom:var(--wp--preset--spacing--superbspacing-xxlarge);padding-left:var(--wp--preset--spacing--superbspacing-small)">
<div class="wp-block-columns alignwide is-layout-flex wp-container-core-columns-is-layout-a001aa69 wp-block-columns-is-layout-flex" style="margin-top:0;margin-bottom:0">
<div class="wp-block-column is-vertically-aligned-center is-layout-flow wp-container-core-column-is-layout-db2cb278 wp-block-column-is-layout-flow">
<h2 class="wp-block-heading has-text-align-left has-superbfont-large-font-size">Préserver le patrimoine et créer du lien</h2>



<p class="has-medium-font-size"><strong>Créée en 1988</strong>, Les Amis de Jaillans est une association loi 1901 reconnue d’intérêt général. Aux côtés de la mairie, des habitant·es et des acteurs locaux, elle œuvre p<strong>our préserver et valoriser le patrimoine culturel du village.</strong> L’association favorise aussi <strong>le lien social </strong>en organisant des <strong>événements culturels et solidaires ouverts à tous.</strong></p>



<p class="has-medium-font-size">En complément de ses événements culturels et solidaires, <strong>notre association contribue à la valorisation et à la découverte du patrimoine local par la publication de documents et d’ouvrages</strong>, notamment : <br>-« L’église Sainte-Marie : huit siècles de vie monastique et paroissiale » de Bernard Oquidam ;<br>&#8211; &#8220;Légende de la Jaille&#8221;, d’après un manuscrit de l’abbé J. Chabert ;<br>&#8211; &#8220;Contes et légendes des Monts du Matin&#8221; d’Étienne Terpant, éditions Glénat ;<br>&#8211; un flyer de présentation de l’église ;<br>&#8211; des cartes postales du village et de ses principaux monuments patrimoniaux.</p>



<p class="has-medium-font-size">Notre association fonctionne grâce à deux équipes complémentaires : le <strong>Bureau</strong>, qui veille à ce que les décisions prises ensemble soient concrètement mises en œuvre, et le <strong>Conseil d’Administration</strong>, qui réfléchit aux grandes orientations et imagine l’avenir de notre projet commun.</p>



<p class="has-medium-font-size">Bureau 2026 : </p>



<p class="has-medium-font-size">Co-présidents : Gaëlle DUPRÉ &#8211; Serge GUIGNARD<br>Secrétaire : Philippe ACTON<br>Secrétaire-adjointe : Véronique GRANGE<br>Trésorier : Marielle PARTISOTTI<br>Trésorier-adjoint : Myriam PEYSSON</p>



<p class="has-medium-font-size">Conseil d&#8217;Administration 2026 : </p>



<p class="has-medium-font-size">Philippe ACTON, Patrick DELAUNAY, Lucienne DIDIER, Gaëlle DUPRÉ, Véronique GRANGE, Serge GUIGNARD, Géraldine OQUIDAM, Marielle PARTISOTTI, Gilles PEYSSON, Myriam PEYSSON, Martial VAILLAUT</p>



<p class="has-medium-font-size"></p>
</div>



<div class="wp-block-column is-vertically-aligned-center is-layout-flow wp-container-core-column-is-layout-40a2a7e8 wp-block-column-is-layout-flow" style="padding-right:0;padding-bottom:0;padding-left:0">
<figure class="wp-block-image size-large has-custom-border"><img loading="lazy" decoding="async" width="1014" height="1024" src="http://amisdejaillans.fr/wp-content/uploads/2026/02/468428949_876804291325667_4399882257491374562_n-1014x1024.jpg" alt="" class="wp-image-21" style="border-radius:20px" srcset="https://amisdejaillans.fr/wp-content/uploads/2026/02/468428949_876804291325667_4399882257491374562_n-1014x1024.jpg 1014w, https://amisdejaillans.fr/wp-content/uploads/2026/02/468428949_876804291325667_4399882257491374562_n-297x300.jpg 297w, https://amisdejaillans.fr/wp-content/uploads/2026/02/468428949_876804291325667_4399882257491374562_n-150x150.jpg 150w, https://amisdejaillans.fr/wp-content/uploads/2026/02/468428949_876804291325667_4399882257491374562_n-768x776.jpg 768w, https://amisdejaillans.fr/wp-content/uploads/2026/02/468428949_876804291325667_4399882257491374562_n-1521x1536.jpg 1521w, https://amisdejaillans.fr/wp-content/uploads/2026/02/468428949_876804291325667_4399882257491374562_n.jpg 1625w" sizes="auto, (max-width: 1014px) 100vw, 1014px" /></figure>
</div>
</div>
</div>
</div>

<p>Préserver le patrimoine et créer du lien Créée en 1988, Les Amis de Jaillans est une association loi 1901 reconnue d’intérêt général. Aux côtés de la mairie, des habitant·es et des acteurs locaux, elle œuvre pour préserver et valoriser le patrimoine culturel du village. L’association favorise aussi le lien social en organisant des événements culturels [&hellip;]</p>
